 common factor of a and 8.
8
Let k(s) = -s**3 - 97*s**2 + 118*s + 2142. Let a be k(-98). What is the highest common factor of a and 676?
26
Let j = -1 + 3. Let b(h) = h - 5. Let i be b(5). Suppose 0 = 4*f + 3*x - 17, -2*f - f - x + 9 = i. Calculate the highest common divisor of f and j.
2
Let t = 244 - 177. Let l = t + 18. Calculate the highest common divisor of l and 34.
17
Let k = -13314 - -13788. What is the greatest common divisor of 13035 and k?
237
Suppose 3*s - f = 22, 2*f = -4*s + f + 20. What is the highest common divisor of s and 81?
3
Let h = -294 + 196. Let x = 142 + h. Suppose -4*m + 17 - 1 = 0. What is the greatest common divisor of m and x?
4
Let c be 3 + 12 + (-1535352)/(-152). What is the greatest common divisor of 36 and c?
36
Let x(j) = -j**2 + 86*j - 1559. Let f be x(26). Calculate the greatest common factor of f and 14.
1
Let n(b) = -b**2 - 57*b + 182. Let f be n(-60). Let u = -10 - -28. Calculate the highest common divisor of u and f.
2
Let p(i) = i**2 + 3*i + 19. Let f be p(-6). Let y = f - 33. Suppose 0 = -3*h + 4*r + 436, -12 = -r + y*r. What is the greatest common factor of 56 and h?
28
Let y(q) = 572*q - 474. Let f be y(4). Calculate the highest common divisor of f and 2.
2
Let r = -59 + 60. Let y(u) = 203*u**2 + 6*u - 5. Let s be y(r). What is the greatest common factor of 12 and s?
12
Let u(q) = -5*q - 6. Let k be u(-6). Suppose 32*b = 5*b + 6561. Suppose 6*z + 27 = b. Calculate the greatest common factor of k and z.
12
Suppose 10*s + 45 = 145. What is the highest common divisor of 25 and s?
5
Let o(y) = 168*y**2 - 26*y + 190. Let w be o(7). What is the greatest common factor of 80 and w?
80
Suppose -4*b + 784 = -4*h, -b + 2*h + 3*h = -200. Let i(r) = 2*r**2 + 173*r + 2531. Let l be i(-68). Calculate the highest common divisor of b and l.
15
Let o = 7205 + -2647. What is the highest common divisor of o and 172?
86
Let y = 24561 - 17540. Calculate the greatest common factor of 238 and y.
119
Suppose -k - k = -2*r - 12, -2 = 2*k + 5*r. Suppose -75 = -5*t - k*q, 0*t + 5*t - 5*q - 30 = 0. What is the highest common factor of t and 11?
11
Let l = 150 - -55. Let n = l - 82. What is the greatest common factor of 287 and n?
41
Suppose 6*b = 4*b - 420. Let c be b/(-12) + 2/4. Suppose 0 = 4*u - 4*m - 24, 3*u + 15*m - 12*m = -6. What is the greatest common factor of u and c?
2
Suppose -645*n - 5083 = -668*n. What is the greatest common factor of 2431 and n?
221
Suppose 4*t = 2*p + 34, t + 2*p = 6*t - 42. Let g = -2 + t. Let w be ((-8)/g)/(-1)*(-21)/(-14). Calculate the highest common factor of w and 4.
2
Let b = 55918 + -55848. Let u be 165/6 - 1/(-2). What is the highest common factor of u and b?
14
Let p be ((-1734)/(-9))/((180/(-27))/10). Let z = p - -291. Calculate the highest common divisor of 112 and z.
2
Let z(x) = -8*x + 92. Let l be z(11). Suppose 59 = 3*c - 4*y, -4*c + l*y + 92 = 2*y. Calculate the highest common divisor of 1 and c.
1
Let o = 735 + -970. Let h be o/(-15) + -6*(-4)/72. What is the greatest common divisor of 20 and h?
4
Let a be (236/56 - 42/(-147)) + 6/(-4) - -5. Suppose 0 = -5*r - 4*u + 400, 9*r - 395 = 4*r - 3*u. Calculate the greatest common factor of a and r.
4
Suppose 0 = -w + 143 + 21. Let n = w + -148. What is the greatest common factor of n and 40?
8
Let s be (-6)/((56/(-40))/7). Let x(t) = t**3 + 11*t**2 + 16*t - 6. Let f be x(-9). Calculate the highest common factor of f and s.
6
Suppose 0 = -5*t - 3*i + 2295, 5*i = -4*t + 3*t + 437. Let j = 1533 + -1449. What is the greatest common divisor of j and t?
42
Suppose -4*y = -5*d - 100, 4*y + 5*d = -d + 56. Calculate the highest common divisor of y and 62.
2
Let n be 2*-6*6/(-12). Let r(m) be the third derivative of m**4/2 - 3*m**3 + 3*m**2. Let j be r(2). Calculate the highest common factor of j and n.
6
Let p(a) = 49*a - 46 - 65 + 3*a**2 - 19 + 16*a + 92*a. Let b be p(-54). Calculate the highest common divisor of 28 and b.
28
Let p be (1 - 92/1)/1. Let i = 93 + p. What is the highest common factor of i and 4?
2
Let p(k) = 58*k - 214. Let f be p(9). Calculate the greatest common divisor of 220 and f.
44
Suppose 0 = 4*b - z - 63, -5*b + 260*z + 105 = 264*z. Let f be (-4)/((-207)/204 - -1). What is the highest common divisor of f and b?
17
Let x be 8/44*(636 - -2). Calculate the highest common factor of 3074 and x.
58
Suppose 257*w - 4158 = 251*w. Suppose 0 = -v + 71 - 8. Calculate the greatest common factor of v and w.
63
Let m(l) = -2*l**2 + 9*l + 12. Let y be m(5). Suppose 4*k - 243 = -z, -5*k + y*z - 9*z = -306. What is the greatest common factor of 5 and k?
5
Let b(u) = -5202*u + 5274*u - 26 - 52. Let d be b(3). Calculate the highest common factor of d and 345.
69
Let g(w) = 119*w**3 - 231*w**3 + 7*w + 111*w**3 - 24 + 5*w**2. Let d be g(3). What is the highest common divisor of 3 and d?
3
Let k(o) = -o**3 - 4*o**2 + 14*o + 12. Let x be k(-6). Suppose -2*f + 3*c + 480 = x, -6*f + 7*f + 5*c - 240 = 0. What is the highest common divisor of f and 80?
80
Suppose -789*u = -747*u - 8904. What is the greatest common divisor of 7473 and u?
53
Let p(t) = 3*t - 43. Let s be 770/55 + 0/2 + 1. Let z be p(s). Calculate the highest common factor of 13 and z.
1
Suppose 51*h = -33*h + 504. Suppose u - 140 = 2*n - 34, -5*u + 569 = 3*n. Let w be 1*u/(h/3). What is the greatest common factor of 8 and w?
8
Let v = 10 - 7. Suppose v*h = -0*h + 183. Let u = -1 + h. What is the greatest common factor of 15 and u?
15
Let k be 0/86 + (-200)/2. Let d = 110 + k. Calculate the highest common factor of 20 and d.
10
Suppose -6255 = -64*s + 12753. What is the highest common factor of s and 209?
11
Suppose 0 = 3*w - 6, 4*w + 82 = 2*y + 3*w. Suppose 48*b - 756 = y*b. Calculate the greatest common factor of b and 45.
9
Suppose -29 + 631 = 22*s - 14. Calculate the highest common divisor of 2044 and s.
28
Let o be 7867 + (15 + -1)*(-15 - -16)/2. What is the highest common factor of o and 93?
31
Suppose 45*n - 23647 = -58*n + 6944. Calculate the greatest common divisor of n and 54.
27
Let o = -1330 + 1394. Let h be 101 + -2 + (-3)/1. Calculate the greatest common factor of o and h.
32
Let b be 1/(-5)*2 - 259534/(-2585). Calculate the greatest common divisor of b and 28.
4
Suppose 1 = -5*i + 16. Suppose i*r = 512 + 88. Suppose 26*z - 52*z + 1040 = 0. Calculate the highest common divisor of r and z.
40
Let f be (-1)/(-1)*330/6. What is the greatest common factor of f and 605?
55
Let v(b) = -5*b**2 - 101*b + 93. Let y be v(-21). What is the greatest common factor of y and 13?
1
Suppose -2*b = 69*d - 65*d - 20644, 3*b - d = 30994. Calculate the highest common divisor of 2 and b.
2
Let j = 2893 + -2697. Calculate the greatest common divisor of 2646 and j.
98
Suppose -7*i = -8*i. Suppose 312*t - 310*t - 80 = i. Let y = 14 - 4. What is the highest common factor of t and y?
10
Suppose -99*p - 189 = -2*b - 98*p, 0 = -3*b + 5*p + 273. What is the greatest common divisor of b and 150?
6
Let u = -12786 - -13816. Calculate the highest common factor of u and 206.
206
Let o be 203/((3/(-42))/((-20)/10)). What is the greatest common divisor of o and 348?
116
Suppose 2589 = -491*n + 494*n. Suppose -5*u - 763 = -n. Let a be (-2 - (9 + -1))*-1. What is the greatest common divisor of u and a?
10
Suppose 0 = -49*g + 427 - 35. What is the highest common factor of 134 and g?
2
Let w be ((-279)/(-6))/3*(-15 + 3). Let x = w - -198. What is the greatest common divisor of 36 and x?
12
Let i = 26 - 11. Let m(g) = -4*g - 148. Let z be m(0). Let t = -88 - z. What is the greatest common divisor of i and t?
15
Suppose 8140 + 7568 = 77*q. What is the highest common factor of 12444 and q?
204
Let j = 829 + 1600. Calculate the highest common divisor of 35 and j.
7
Let i be (-322)/(-10) - 9/45. Suppose 178 - 53 = 5*h + 3*k, 0 = 5*h - 4*k - 160. Calculate the greatest common divisor of h and i.
4
Suppose 0 = 3*s + 165 - 2664. Suppose 1173 = 77*a - 136. Calculate the highest common factor of s and a.
17
Let g(l) = 3*l**3 + 1 + 2*l**3 - 4*l**3 - 2*l**2. Let v be g(4). Suppose -166*q = -171*q + 15. What is the greatest common factor of q and v?
3
Let m be ((-3)/4)/(-3) + 1003/68. Suppose -m = 8*t + 1. Let c be (-10)/t + (2 - (-1)/1). What is the highest common factor of c and 24?
8
Let s be ((-56)/35)/((-6123)/15